{"id":321,"date":"2020-04-04T17:08:35","date_gmt":"2020-04-04T17:08:35","guid":{"rendered":"https:\/\/elsa-sub2.elsa-germany.org\/?page_id=321"},"modified":"2025-08-22T21:56:59","modified_gmt":"2025-08-22T19:56:59","slug":"impressum","status":"publish","type":"page","link":"https:\/\/elsa-mainz.de\/?page_id=321","title":{"rendered":"Impressum"},"content":{"rendered":"<p>[et_pb_section fb_built=&#8220;1&#8243; admin_label=&#8220;Sektion&#8220; _builder_version=&#8220;4.27.0&#8243; hover_enabled=&#8220;0&#8243; global_colors_info=&#8220;{}&#8220; background_color=&#8220;#041439&#8243; sticky_enabled=&#8220;0&#8243;][et_pb_row _builder_version=&#8220;4.27.0&#8243; _module_preset=&#8220;default&#8220;][et_pb_column _builder_version=&#8220;4.27.0&#8243; _module_preset=&#8220;default&#8220; type=&#8220;4_4&#8243;][et_pb_text _builder_version=&#8220;4.27.0&#8243; _module_preset=&#8220;default&#8220; hover_enabled=&#8220;0&#8243; sticky_enabled=&#8220;0&#8243;]<\/p>\n<h2 data-start=\"142\" data-end=\"185\" style=\"text-align: justify\"><span style=\"color: #ff7400\"><strong data-start=\"142\" data-end=\"155\">Impressum<\/strong><\/span><br data-start=\"155\" data-end=\"158\" \/><span style=\"color: #ff7400\"><strong data-start=\"158\" data-end=\"183\">Angaben gem\u00e4\u00df \u00a7 5 TMG<\/strong><\/span><\/h2>\n<p data-start=\"187\" data-end=\"285\" style=\"text-align: justify\"><span style=\"color: #ffffff\">ELSA-Mainz e.V.<\/span><br data-start=\"202\" data-end=\"205\" \/><span style=\"color: #ffffff\">Haus Recht und Wirtschaft I<\/span><br data-start=\"232\" data-end=\"235\" \/><span style=\"color: #ffffff\">Jakob-Welder-Weg 9<\/span><br data-start=\"253\" data-end=\"256\" \/><span style=\"color: #ffffff\">Zimmer 00-215<\/span><br data-start=\"269\" data-end=\"272\" \/><span style=\"color: #ffffff\">55128 Mainz<\/span><\/p>\n<p data-start=\"287\" data-end=\"353\" style=\"text-align: justify\"><span style=\"color: #ffffff\">Vereinsregister: 14 VR 2654<\/span><br data-start=\"314\" data-end=\"317\" \/><span style=\"color: #ffffff\">Registergericht: Amtsgericht Mainz<\/span><\/p>\n<p data-start=\"355\" data-end=\"490\" style=\"text-align: justify\"><strong data-start=\"355\" data-end=\"388\">Vertreten durch den Vorstand:<\/strong><br data-start=\"388\" data-end=\"391\" \/><span style=\"color: #ffffff\">Pr\u00e4sident: Burak Ceylan<\/span><br data-start=\"420\" data-end=\"423\" \/><span style=\"color: #ffffff\">Vizepr\u00e4sidentin: Sebastian Toar Maesel<\/span><br data-start=\"455\" data-end=\"458\" \/><span style=\"color: #ffffff\">Vorstand Finanzen: Florijana Gorqaj<\/span><\/p>\n<p data-start=\"492\" data-end=\"534\" style=\"text-align: justify\"><strong data-start=\"492\" data-end=\"503\">Kontakt<\/strong><br data-start=\"503\" data-end=\"506\" \/><span style=\"color: #ffffff\">E-Mail: <\/span><a data-start=\"514\" data-end=\"532\" class=\"decorated-link cursor-pointer\" rel=\"noopener\"><span style=\"color: #ff7400\">info@elsa-mainz.de<\/span><span aria-hidden=\"true\" class=\"ms-0.5 inline-block align-middle leading-none\"><\/span><\/a><\/p>\n<p data-start=\"536\" data-end=\"634\" style=\"text-align: justify\"><strong data-start=\"536\" data-end=\"566\">Konzeption und Entwicklung<\/strong><br data-start=\"566\" data-end=\"569\" \/><span style=\"color: #ffffff\">innofabrik<\/span><br data-start=\"579\" data-end=\"582\" \/><span style=\"color: #ffffff\">F\u00fcllergasse 32<\/span><br data-start=\"596\" data-end=\"599\" \/><span style=\"color: #ffffff\">67454 Ha\u00dfloch<\/span><br data-start=\"612\" data-end=\"615\" \/><a data-start=\"615\" data-end=\"632\" rel=\"noopener\" target=\"_new\" class=\"decorated-link\" href=\"http:\/\/www.innofabrik.de\"><span style=\"color: #ff7400\">www.innofabrik.de<\/span><span aria-hidden=\"true\" class=\"ms-0.5 inline-block align-middle leading-none\"><\/span><\/a><\/p>\n<p data-start=\"641\" data-end=\"831\" style=\"text-align: justify\"><strong data-start=\"641\" data-end=\"703\"><\/strong><\/p>\n<p data-start=\"641\" data-end=\"831\" style=\"text-align: justify\"><strong data-start=\"641\" data-end=\"703\">Verbraucher\u00adstreit\u00adbeilegung\/Universal\u00adschlichtungs\u00adstelle<\/strong><br data-start=\"703\" data-end=\"706\" \/><span style=\"color: #ffffff\">Wir sind nicht bereit oder verpflichtet, an Streitbeilegungsverfahren vor einer Verbraucherschlichtungsstelle teilzunehmen.<\/span><\/p>\n<p data-start=\"838\" data-end=\"1222\" style=\"text-align: justify\"><strong data-start=\"838\" data-end=\"861\"><\/strong><\/p>\n<p data-start=\"838\" data-end=\"1222\" style=\"text-align: justify\"><strong data-start=\"838\" data-end=\"861\">Haftung f\u00fcr Inhalte<\/strong><br data-start=\"861\" data-end=\"864\" \/><span style=\"color: #ffffff\">Als Diensteanbieter sind wir gem\u00e4\u00df \u00a7 7 Abs. 1 TMG f\u00fcr eigene Inhalte auf diesen Seiten nach den allgemeinen Gesetzen verantwortlich. Nach \u00a7\u00a7 8 bis 10 TMG sind wir als Diensteanbieter jedoch nicht verpflichtet, \u00fcbermittelte oder gespeicherte fremde Informationen zu \u00fcberwachen oder nach Umst\u00e4nden zu forschen, die auf eine rechtswidrige T\u00e4tigkeit hinweisen.<\/span><\/p>\n<p data-start=\"1224\" data-end=\"1574\" style=\"text-align: justify\"><span style=\"color: #ffffff\">Verpflichtungen zur Entfernung oder Sperrung der Nutzung von Informationen nach den allgemeinen Gesetzen bleiben hiervon unber\u00fchrt. Eine diesbez\u00fcgliche Haftung ist jedoch erst ab dem Zeitpunkt der Kenntnis einer konkreten Rechtsverletzung m\u00f6glich. Bei Bekanntwerden von entsprechenden Rechtsverletzungen werden wir diese Inhalte umgehend entfernen.<\/span><\/p>\n<p data-start=\"1581\" data-end=\"2068\" style=\"text-align: justify\"><strong data-start=\"1581\" data-end=\"1602\"><\/strong><\/p>\n<p data-start=\"1581\" data-end=\"2068\" style=\"text-align: justify\"><strong data-start=\"1581\" data-end=\"1602\">Haftung f\u00fcr Links<\/strong><br data-start=\"1602\" data-end=\"1605\" \/><span style=\"color: #ffffff\">Unser Angebot enth\u00e4lt Links zu externen Websites Dritter, auf deren Inhalte wir keinen Einfluss haben. Deshalb k\u00f6nnen wir f\u00fcr diese fremden Inhalte auch keine Gew\u00e4hr \u00fcbernehmen. F\u00fcr die Inhalte der verlinkten Seiten ist stets der jeweilige Anbieter oder Betreiber der Seiten verantwortlich. Die verlinkten Seiten wurden zum Zeitpunkt der Verlinkung auf m\u00f6gliche Rechtsverst\u00f6\u00dfe \u00fcberpr\u00fcft. Rechtswidrige Inhalte waren zum Zeitpunkt der Verlinkung nicht erkennbar.<\/span><\/p>\n<p data-start=\"2070\" data-end=\"2297\" style=\"text-align: justify\"><span style=\"color: #ffffff\">Eine permanente inhaltliche Kontrolle der verlinkten Seiten ist jedoch ohne konkrete Anhaltspunkte einer Rechtsverletzung nicht zumutbar. Bei Bekanntwerden von Rechtsverletzungen werden wir derartige Links umgehend entfernen.<\/span><\/p>\n<p data-start=\"2304\" data-end=\"2735\" style=\"text-align: justify\"><strong data-start=\"2304\" data-end=\"2320\"><\/strong><\/p>\n<p data-start=\"2304\" data-end=\"2735\" style=\"text-align: justify\"><strong data-start=\"2304\" data-end=\"2320\">Urheberrecht<\/strong><br data-start=\"2320\" data-end=\"2323\" \/><span style=\"color: #ffffff\">Die durch die Seitenbetreiber erstellten Inhalte und Werke auf diesen Seiten unterliegen dem deutschen Urheberrecht. Die Vervielf\u00e4ltigung, Bearbeitung, Verbreitung und jede Art der Verwertung au\u00dferhalb der Grenzen des Urheberrechtes bed\u00fcrfen der schriftlichen Zustimmung des jeweiligen Autors bzw. Erstellers. Downloads und Kopien dieser Seite sind nur f\u00fcr den privaten, nicht kommerziellen Gebrauch gestattet.<\/span><\/p>\n<p data-start=\"2737\" data-end=\"3124\" style=\"text-align: justify\"><span style=\"color: #ffffff\">Soweit die Inhalte auf dieser Seite nicht vom Betreiber erstellt wurden, werden die Urheberrechte Dritter beachtet. Insbesondere werden Inhalte Dritter als solche gekennzeichnet. Sollten Sie trotzdem auf eine Urheberrechtsverletzung aufmerksam werden, bitten wir um einen entsprechenden Hinweis. Bei Bekanntwerden von Rechtsverletzungen werden wir derartige Inhalte umgehend entfernen.<\/span><\/p>\n<p>[\/et_pb_text][\/et_pb_column][\/et_pb_row][\/et_pb_section]<\/p>\n","protected":false},"excerpt":{"rendered":"<p>ImpressumAngaben gem\u00e4\u00df \u00a7 5 TMG ELSA-Mainz e.V.Haus Recht und Wirtschaft IJakob-Welder-Weg 9Zimmer 00-21555128 Mainz Vereinsregister: 14 VR 2654Registergericht: Amtsgericht Mainz Vertreten durch den Vorstand:Pr\u00e4sident: Burak CeylanVizepr\u00e4sidentin: Sebastian Toar MaeselVorstand Finanzen: [&hellip;]<\/p>\n","protected":false},"author":1,"featured_media":0,"parent":0,"menu_order":0,"comment_status":"closed","ping_status":"closed","template":"","meta":{"_et_pb_use_builder":"on","_et_pb_old_content":"<h1>Impressum<\/h1><h2>Angaben gem\u00e4\u00df \u00a7 5 TMG<\/h2><p>ELSA-Deutschland e.V.<br \/>Rohrbacher Stra\u00dfe 20<br \/>69115 Heidelberg<\/p><p>Vereinsregister: VR 331698<br \/>Registergericht: Amtsgericht Mannheim<\/p><p><strong>Vertreten durch:<\/strong><br \/>Den jeweiligen Pr\u00e4sidenten, Vizepr\u00e4sidenten und Vorstand f\u00fcr Finanzen.<br \/>Im Moment Bianca Staicu, Sebastian Klein und Philip Karger<\/p><h2>Kontakt<\/h2><p>Telefon: +49 (0) 6221 601458<br \/>E-Mail: info@elsa-germany.org<\/p><h2>Verbraucher\u00adstreit\u00adbeilegung\/Universal\u00adschlichtungs\u00adstelle<\/h2><p>Wir sind nicht bereit oder verpflichtet, an Streitbeilegungsverfahren vor einer Verbraucherschlichtungsstelle teilzunehmen.<\/p><h3>Haftung f\u00fcr Inhalte<\/h3><p>Als Diensteanbieter sind wir gem\u00e4\u00df \u00a7 7 Abs.1 TMG f\u00fcr eigene Inhalte auf diesen Seiten nach den allgemeinen Gesetzen verantwortlich. Nach \u00a7\u00a7 8 bis 10 TMG sind wir als Diensteanbieter jedoch nicht verpflichtet, \u00fcbermittelte oder gespeicherte fremde Informationen zu \u00fcberwachen oder nach Umst\u00e4nden zu forschen, die auf eine rechtswidrige T\u00e4tigkeit hinweisen.<\/p><p>Verpflichtungen zur Entfernung oder Sperrung der Nutzung von Informationen nach den allgemeinen Gesetzen bleiben hiervon unber\u00fchrt. Eine diesbez\u00fcgliche Haftung ist jedoch erst ab dem Zeitpunkt der Kenntnis einer konkreten Rechtsverletzung m\u00f6glich. Bei Bekanntwerden von entsprechenden Rechtsverletzungen werden wir diese Inhalte umgehend entfernen.<\/p><h3>Haftung f\u00fcr Links<\/h3><p>Unser Angebot enth\u00e4lt Links zu externen Websites Dritter, auf deren Inhalte wir keinen Einfluss haben. Deshalb k\u00f6nnen wir f\u00fcr diese fremden Inhalte auch keine Gew\u00e4hr \u00fcbernehmen. F\u00fcr die Inhalte der verlinkten Seiten ist stets der jeweilige Anbieter oder Betreiber der Seiten verantwortlich. Die verlinkten Seiten wurden zum Zeitpunkt der Verlinkung auf m\u00f6gliche Rechtsverst\u00f6\u00dfe \u00fcberpr\u00fcft. Rechtswidrige Inhalte waren zum Zeitpunkt der Verlinkung nicht erkennbar.<\/p><p>Eine permanente inhaltliche Kontrolle der verlinkten Seiten ist jedoch ohne konkrete Anhaltspunkte einer Rechtsverletzung nicht zumutbar. Bei Bekanntwerden von Rechtsverletzungen werden wir derartige Links umgehend entfernen.<\/p><h3>Urheberrecht<\/h3><p>Die durch die Seitenbetreiber erstellten Inhalte und Werke auf diesen Seiten unterliegen dem deutschen Urheberrecht. Die Vervielf\u00e4ltigung, Bearbeitung, Verbreitung und jede Art der Verwertung au\u00dferhalb der Grenzen des Urheberrechtes bed\u00fcrfen der schriftlichen Zustimmung des jeweiligen Autors bzw. Erstellers. Downloads und Kopien dieser Seite sind nur f\u00fcr den privaten, nicht kommerziellen Gebrauch gestattet.<\/p><p>Soweit die Inhalte auf dieser Seite nicht vom Betreiber erstellt wurden, werden die Urheberrechte Dritter beachtet. Insbesondere werden Inhalte Dritter als solche gekennzeichnet. Sollten Sie trotzdem auf eine Urheberrechtsverletzung aufmerksam werden, bitten wir um einen entsprechenden Hinweis. Bei Bekanntwerden von Rechtsverletzungen werden wir derartige Inhalte umgehend entfernen.<\/p>","_et_gb_content_width":"","footnotes":""},"class_list":["post-321","page","type-page","status-publish","hentry"],"_links":{"self":[{"href":"https:\/\/elsa-mainz.de\/index.php?rest_route=\/wp\/v2\/pages\/321","targetHints":{"allow":["GET"]}}],"collection":[{"href":"https:\/\/elsa-mainz.de\/index.php?rest_route=\/wp\/v2\/pages"}],"about":[{"href":"https:\/\/elsa-mainz.de\/index.php?rest_route=\/wp\/v2\/types\/page"}],"author":[{"embeddable":true,"href":"https:\/\/elsa-mainz.de\/index.php?rest_route=\/wp\/v2\/users\/1"}],"replies":[{"embeddable":true,"href":"https:\/\/elsa-mainz.de\/index.php?rest_route=%2Fwp%2Fv2%2Fcomments&post=321"}],"version-history":[{"count":11,"href":"https:\/\/elsa-mainz.de\/index.php?rest_route=\/wp\/v2\/pages\/321\/revisions"}],"predecessor-version":[{"id":2508,"href":"https:\/\/elsa-mainz.de\/index.php?rest_route=\/wp\/v2\/pages\/321\/revisions\/2508"}],"wp:attachment":[{"href":"https:\/\/elsa-mainz.de\/index.php?rest_route=%2Fwp%2Fv2%2Fmedia&parent=321"}],"curies":[{"name":"wp","href":"https:\/\/api.w.org\/{rel}","templated":true}]}}