{"id":672,"date":"2020-04-25T11:38:44","date_gmt":"2020-04-25T09:38:44","guid":{"rendered":"https:\/\/elsa-sub2.elsa-germany.org\/?page_id=672"},"modified":"2025-08-24T12:31:52","modified_gmt":"2025-08-24T10:31:52","slug":"partner","status":"publish","type":"page","link":"https:\/\/elsa-mainz.de\/?page_id=672","title":{"rendered":"Partner"},"content":{"rendered":"<p>[et_pb_section fb_built=&#8220;1&#8243; _builder_version=&#8220;4.27.0&#8243; _module_preset=&#8220;default&#8220; background_image=&#8220;https:\/\/elsa-mainz.de\/wp-content\/uploads\/sites\/28\/2025\/08\/Design-ohne-Titel-22.jpg&#8220; global_colors_info=&#8220;{}&#8220;][et_pb_row _builder_version=&#8220;4.27.0&#8243; _module_preset=&#8220;default&#8220; locked=&#8220;off&#8220; global_colors_info=&#8220;{}&#8220;][et_pb_column type=&#8220;4_4&#8243; _builder_version=&#8220;4.27.0&#8243; _module_preset=&#8220;default&#8220; global_colors_info=&#8220;{}&#8220;][et_pb_text _builder_version=&#8220;4.27.0&#8243; _module_preset=&#8220;default&#8220; text_font=&#8220;|||on|||||&#8220; text_font_size=&#8220;25px&#8220; custom_margin=&#8220;||4px|||&#8220; global_colors_info=&#8220;{}&#8220;]<\/p>\n<h1><strong><span style=\"color: #ffffff;font-size: xx-large\">Werden sie Partner<\/span><\/strong><\/h1>\n<p>[\/et_pb_text][et_pb_divider color=&#8220;#ff7400&#8243; divider_weight=&#8220;5px&#8220; _builder_version=&#8220;4.18.0&#8243; width=&#8220;5%&#8220; width_tablet=&#8220;&#8220; width_phone=&#8220;75px&#8220; width_last_edited=&#8220;on|phone&#8220; module_alignment=&#8220;center&#8220; custom_margin=&#8220;0px||||false|false&#8220; custom_padding=&#8220;0px||||false|false&#8220; locked=&#8220;off&#8220; global_colors_info=&#8220;{}&#8220;][\/et_pb_divider][\/et_pb_column][\/et_pb_row][\/et_pb_section][et_pb_section fb_built=&#8220;1&#8243; _builder_version=&#8220;4.27.0&#8243; _module_preset=&#8220;default&#8220; background_color=&#8220;#041439&#8243; global_colors_info=&#8220;{}&#8220;][et_pb_row _builder_version=&#8220;4.27.0&#8243; global_colors_info=&#8220;{}&#8220;][et_pb_column type=&#8220;4_4&#8243; _builder_version=&#8220;4.16&#8243; global_colors_info=&#8220;{}&#8220;][et_pb_text _builder_version=&#8220;4.27.0&#8243; header_2_text_color=&#8220;#0a3087&#8243; custom_margin=&#8220;0px||0px||false|false&#8220; custom_padding=&#8220;0px||0px||false|false&#8220; global_colors_info=&#8220;{}&#8220;]<\/p>\n<div id=\"c1097\" class=\"\">\n<div class=\"ce-textpic ce-left ce-above\">\n<h2 class=\"ce-bodytext\" style=\"text-align: center\"><span style=\"color: #ffffff\">Der F\u00f6rderkreis<\/span><\/h2>\n<\/div>\n<\/div>\n<div id=\"c15557\" class=\"m-b-3\"><\/div>\n<p>[\/et_pb_text][et_pb_divider color=&#8220;#ff7400&#8243; divider_weight=&#8220;5px&#8220; _builder_version=&#8220;4.16&#8243; width=&#8220;5%&#8220; module_alignment=&#8220;center&#8220; custom_margin=&#8220;0px||10px||false|false&#8220; global_colors_info=&#8220;{}&#8220;][\/et_pb_divider][et_pb_text _builder_version=&#8220;4.27.0&#8243; text_text_color=&#8220;#565656&#8243; custom_margin=&#8220;|0px||0px|false|false&#8220; animation_style=&#8220;slide&#8220; global_colors_info=&#8220;{}&#8220;]<\/p>\n<p style=\"text-align: justify\"><span style=\"color: #ffffff\">Die T\u00e4tigkeit des Vollzeit arbeitenden Bundesvorstandes von ELSA-Deutschland e.V. und das Engagement der 43 Lokalgruppen werden unterst\u00fctzt durch unseren F\u00f6rderkreis. Unsere F\u00f6rderkreispartner setzen sich zusammen aus Gro\u00dfkanzleien, Unternehmen, Institutionen oder Banken und bringen zum Ausdruck, wie wichtig eine fr\u00fche ideelle Unterst\u00fctzung von Jurastudenten und Rechtsreferendaren im Studium ist. Somit leisten Sie gleichzeitig einen wertvollen Beitrag der Ausbildung engagierter, interessierter und motivierter Jurastudenten aus ganz Deutschland.<\/span><\/p>\n<p style=\"text-align: justify\"><span style=\"color: #ffffff\">Auf dieser Seite befindet sich nachfolgend eine Liste mit allen unseren F\u00f6rderkreismitgliedern. Zusammen mit dem F\u00f6rderkreis werden nicht nur Projekte und Veranstaltungen realisiert. Wir laden ein mal im Jahr zum F\u00f6rderkreistreffen ein oder geben unseren F\u00f6rderkreismitgliedern die Chance, sich den Teilnehmern einer Wintergeneralversammlung auf der j\u00e4hrlichen F\u00f6rderkreismesse zu pr\u00e4sentieren.<\/span><\/p>\n<p style=\"text-align: justify\"><span style=\"color: #ffffff\">Haben wir Ihr Interesse geweckt? Dann kontaktieren Sie uns!<\/span><\/p>\n<p class=\"align-center\" style=\"text-align: justify\"><span style=\"color: #ffffff\">\u00a0Leben gerufen worden.<\/span><\/p>\n<p>[\/et_pb_text][\/et_pb_column][\/et_pb_row][\/et_pb_section][et_pb_section fb_built=&#8220;1&#8243; _builder_version=&#8220;4.16&#8243; background_color=&#8220;#041439&#8243; global_colors_info=&#8220;{}&#8220;][et_pb_row _builder_version=&#8220;4.16&#8243; global_colors_info=&#8220;{}&#8220;][et_pb_column type=&#8220;4_4&#8243; _builder_version=&#8220;4.16&#8243; global_colors_info=&#8220;{}&#8220;][et_pb_text _builder_version=&#8220;4.16&#8243; header_2_text_color=&#8220;#f3f5f9&#8243; custom_margin=&#8220;0px||0px||false|false&#8220; custom_padding=&#8220;0px||0px||false|false&#8220; global_colors_info=&#8220;{}&#8220;]<\/p>\n<div id=\"c1097\" class=\"\">\n<div class=\"ce-textpic ce-left ce-above\">\n<h2 style=\"text-align: center\">Kooperationsm\u00f6glichkeiten<\/h2>\n<div class=\"ce-textpic ce-left ce-above\">\n<div class=\"ce-bodytext\" style=\"text-align: center\">\n<article><\/article>\n<\/div>\n<\/div>\n<\/div>\n<\/div>\n<div id=\"c15557\" class=\"m-b-3\"><\/div>\n<p>[\/et_pb_text][et_pb_divider color=&#8220;#ff7400&#8243; divider_weight=&#8220;5px&#8220; _builder_version=&#8220;4.16&#8243; width=&#8220;5%&#8220; module_alignment=&#8220;center&#8220; custom_margin=&#8220;0px||||false|false&#8220; global_colors_info=&#8220;{}&#8220;][\/et_pb_divider][\/et_pb_column][\/et_pb_row][et_pb_row column_structure=&#8220;1_2,1_2&#8243; _builder_version=&#8220;4.27.0&#8243; animation_style=&#8220;slide&#8220; global_colors_info=&#8220;{}&#8220;][et_pb_column type=&#8220;1_2&#8243; _builder_version=&#8220;4.16&#8243; global_colors_info=&#8220;{}&#8220;][et_pb_text _builder_version=&#8220;4.27.0&#8243; header_3_font=&#8220;Lato||||||||&#8220; header_3_text_color=&#8220;#f3f5f9&#8243; header_4_font=&#8220;Lato||||||||&#8220; header_4_text_color=&#8220;#f3f5f9&#8243; custom_margin=&#8220;||10px||false|false&#8220; global_colors_info=&#8220;{}&#8220;]<\/p>\n<h3 style=\"text-align: justify\"><span style=\"color: #ff6600\"><strong>Unsere Praxispartner<\/strong><\/span><\/h3>\n<p>[\/et_pb_text][et_pb_text _builder_version=&#8220;4.27.0&#8243; text_text_color=&#8220;#ffffff&#8220; global_colors_info=&#8220;{}&#8220;]<\/p>\n<p style=\"text-align: justify\"><span>Als Praxispartner bieten Sie den Juristen von morgen einen Einblick in die Berufswelt. Sie kommen in Kontakt mit unseren Mitgliedern und sichern sich durch stetige Pr\u00e4senz einen Platz im Bewusstsein der Studierenden. Durch Ihre Partnerschaft zeigen Sie, dass sie das Engagement der ELSA-Mitgleider wertsch\u00e4tzen und begleiten diese vom Studium bis zum Referendariat.<\/span><\/p>\n<p>[\/et_pb_text][\/et_pb_column][et_pb_column type=&#8220;1_2&#8243; _builder_version=&#8220;4.16&#8243; global_colors_info=&#8220;{}&#8220;][et_pb_text _builder_version=&#8220;4.27.0&#8243; header_3_font=&#8220;Lato||||||||&#8220; header_3_text_color=&#8220;#f3f5f9&#8243; header_4_font=&#8220;Lato||||||||&#8220; header_4_text_color=&#8220;#f3f5f9&#8243; custom_margin=&#8220;||10px||false|false&#8220; global_colors_info=&#8220;{}&#8220;]<\/p>\n<h3 style=\"text-align: justify\"><span style=\"color: #ff6600\"><strong>Unsere Projektpartner<\/strong><\/span><\/h3>\n<p>[\/et_pb_text][et_pb_text _builder_version=&#8220;4.27.0&#8243; text_text_color=&#8220;#ffffff&#8220; global_colors_info=&#8220;{}&#8220;]<\/p>\n<p style=\"text-align: justify\"><span>Sie haben ein bestimmtes ELSA-Projekt ins Auge gefasst oder m\u00f6chten einen Bereich ganz gezielt unterst\u00fctzen? Dann werden Sie Projektpartner von ELSA-Deutschland e.V. und stehen Sie mit dieser speziellen Unterst\u00fctzung so im Fokus der Studierenden.<\/span><\/p>\n<p>[\/et_pb_text][\/et_pb_column][\/et_pb_row][\/et_pb_section][et_pb_section fb_built=&#8220;1&#8243; _builder_version=&#8220;4.27.0&#8243; background_color=&#8220;#FFFFFF&#8220; animation_style=&#8220;fold&#8220; global_colors_info=&#8220;{}&#8220;][et_pb_row _builder_version=&#8220;4.16&#8243; global_colors_info=&#8220;{}&#8220;][et_pb_column type=&#8220;4_4&#8243; _builder_version=&#8220;4.16&#8243; global_colors_info=&#8220;{}&#8220;][et_pb_text _builder_version=&#8220;4.27.0&#8243; header_2_text_color=&#8220;#0a3087&#8243; custom_margin=&#8220;0px||0px||false|false&#8220; custom_padding=&#8220;0px||0px||false|false&#8220; global_colors_info=&#8220;{}&#8220;]<\/p>\n<div id=\"c1097\" class=\"\">\n<div class=\"ce-textpic ce-left ce-above\">\n<h2 class=\"ce-bodytext\" style=\"text-align: center\"><span style=\"color: #000080\">Praxispartner<\/span><\/h2>\n<\/div>\n<\/div>\n<p>[\/et_pb_text][et_pb_divider color=&#8220;#ff7400&#8243; divider_weight=&#8220;5px&#8220; _builder_version=&#8220;4.16&#8243; width=&#8220;5%&#8220; module_alignment=&#8220;center&#8220; custom_margin=&#8220;0px||10px||false|false&#8220; global_colors_info=&#8220;{}&#8220;][\/et_pb_divider][\/et_pb_column][\/et_pb_row][et_pb_row column_structure=&#8220;1_5,1_5,1_5,1_5,1_5&#8243; _builder_version=&#8220;4.27.0&#8243; custom_padding=&#8220;|0px||||&#8220; animation_style=&#8220;slide&#8220; global_colors_info=&#8220;{}&#8220;][et_pb_column type=&#8220;1_5&#8243; _builder_version=&#8220;4.27.0&#8243; _module_preset=&#8220;default&#8220; global_colors_info=&#8220;{}&#8220;][et_pb_image src=&#8220;https:\/\/elsa-mainz.de\/wp-content\/uploads\/sites\/28\/2021\/08\/logo.png&#8220; title_text=&#8220;logo&#8220; _builder_version=&#8220;4.27.0&#8243; _module_preset=&#8220;default&#8220; background_color=&#8220;#FFFFFF&#8220; global_colors_info=&#8220;{}&#8220;][\/et_pb_image][\/et_pb_column][et_pb_column type=&#8220;1_5&#8243; _builder_version=&#8220;4.16&#8243; global_colors_info=&#8220;{}&#8220;][et_pb_image src=&#8220;https:\/\/elsa-mainz.de\/wp-content\/uploads\/sites\/28\/2021\/08\/Logo_WINHELLER-german_20200103.png&#8220; title_text=&#8220;Logo_WINHELLER-german_20200103&#8243; _builder_version=&#8220;4.27.0&#8243; _module_preset=&#8220;default&#8220; background_color=&#8220;#FFFFFF&#8220; global_colors_info=&#8220;{}&#8220;][\/et_pb_image][\/et_pb_column][et_pb_column type=&#8220;1_5&#8243; _builder_version=&#8220;4.16&#8243; global_colors_info=&#8220;{}&#8220;][et_pb_image src=&#8220;https:\/\/elsa-mainz.de\/wp-content\/uploads\/sites\/28\/2024\/11\/Logo-AS-Skriptblau.png&#8220; title_text=&#8220;Logo AS Skriptblau&#8220; _builder_version=&#8220;4.27.0&#8243; _module_preset=&#8220;default&#8220; global_colors_info=&#8220;{}&#8220;][\/et_pb_image][\/et_pb_column][et_pb_column type=&#8220;1_5&#8243; _builder_version=&#8220;4.16&#8243; global_colors_info=&#8220;{}&#8220;][et_pb_image src=&#8220;https:\/\/elsa-mainz.de\/wp-content\/uploads\/sites\/28\/2025\/08\/logo.png&#8220; title_text=&#8220;logo&#8220; _builder_version=&#8220;4.27.0&#8243; _module_preset=&#8220;default&#8220; hover_enabled=&#8220;0&#8243; global_colors_info=&#8220;{}&#8220; sticky_enabled=&#8220;0&#8243;][\/et_pb_image][\/et_pb_column][et_pb_column type=&#8220;1_5&#8243; _builder_version=&#8220;4.27.0&#8243; _module_preset=&#8220;default&#8220; global_colors_info=&#8220;{}&#8220;][et_pb_image src=&#8220;https:\/\/elsa-mainz.de\/wp-content\/uploads\/sites\/28\/2021\/08\/hemmer.jpeg&#8220; title_text=&#8220;hemmer&#8220; _builder_version=&#8220;4.27.0&#8243; _module_preset=&#8220;default&#8220; width=&#8220;77.9%&#8220; min_height=&#8220;73.5px&#8220; custom_margin=&#8220;||-47px|||&#8220; custom_padding=&#8220;|57px|0px|0px||&#8220; global_colors_info=&#8220;{}&#8220;][\/et_pb_image][\/et_pb_column][\/et_pb_row][\/et_pb_section][et_pb_section fb_built=&#8220;1&#8243; _builder_version=&#8220;4.27.0&#8243; background_color=&#8220;#041439&#8243; global_colors_info=&#8220;{}&#8220;][et_pb_row _builder_version=&#8220;4.16&#8243; global_colors_info=&#8220;{}&#8220;][et_pb_column type=&#8220;4_4&#8243; _builder_version=&#8220;4.16&#8243; global_colors_info=&#8220;{}&#8220;][et_pb_text _builder_version=&#8220;4.27.0&#8243; header_2_text_color=&#8220;#0a3087&#8243; custom_margin=&#8220;0px||0px||false|false&#8220; custom_padding=&#8220;0px||0px||false|false&#8220; global_colors_info=&#8220;{}&#8220;]<\/p>\n<div id=\"c1097\" class=\"\">\n<div class=\"ce-textpic ce-left ce-above\">\n<h2 class=\"ce-bodytext\" style=\"text-align: center\"><span style=\"color: #ffffff\">UNSER BEIRAT<\/span><\/h2>\n<\/div>\n<\/div>\n<div id=\"c15557\" class=\"m-b-3\"><\/div>\n<p>[\/et_pb_text][et_pb_divider color=&#8220;#ff7400&#8243; divider_weight=&#8220;5px&#8220; _builder_version=&#8220;4.16&#8243; width=&#8220;5%&#8220; module_alignment=&#8220;center&#8220; custom_margin=&#8220;0px||10px||false|false&#8220; global_colors_info=&#8220;{}&#8220;][\/et_pb_divider][et_pb_text _builder_version=&#8220;4.27.0&#8243; text_text_color=&#8220;#565656&#8243; custom_margin=&#8220;|0px||0px|false|false&#8220; animation_style=&#8220;slide&#8220; global_colors_info=&#8220;{}&#8220;]<\/p>\n<p class=\"align-center\" style=\"text-align: justify\"><span style=\"color: #ffffff\">Der Beirat von ELSA-Deutschland e.V. hat sich als Institution bew\u00e4hrt und ELSA bei seiner Entwicklung aktiv begleitet. Die Mitglieder des Beirates haben ELSA im Laufe der Jahre immer wieder durch Ideen und Anregungen unterst\u00fctzt. Durch den regen Austausch sind nicht nur Institutionen wie der ELSA Deutschland Moot Court mitgepr\u00e4gt, sondern auch neue Projekte mit ins Leben gerufen worden.<\/span><\/p>\n<p>[\/et_pb_text][\/et_pb_column][\/et_pb_row][et_pb_row column_structure=&#8220;1_3,1_3,1_3&#8243; module_id=&#8220;elsa-beirat&#8220; _builder_version=&#8220;4.27.0&#8243; width=&#8220;90%&#8220; max_width=&#8220;2560px&#8220; custom_margin=&#8220;||||false|false&#8220; custom_padding=&#8220;||||false|false&#8220; animation_style=&#8220;slide&#8220; global_colors_info=&#8220;{}&#8220;][et_pb_column type=&#8220;1_3&#8243; _builder_version=&#8220;4.16&#8243; custom_padding=&#8220;||||false|false&#8220; global_colors_info=&#8220;{}&#8220;][et_pb_text _builder_version=&#8220;4.27.0&#8243; header_4_font=&#8220;||||||||&#8220; header_4_text_color=&#8220;#0a3087&#8243; custom_padding=&#8220;|31px||||&#8220; global_colors_info=&#8220;{}&#8220;]<\/p>\n<h4 style=\"text-align: center\"><span style=\"color: #ffffff\">Prof. Dr. Volker Erb<\/span><\/h4>\n<p>[\/et_pb_text][\/et_pb_column][et_pb_column type=&#8220;1_3&#8243; _builder_version=&#8220;4.16&#8243; global_colors_info=&#8220;{}&#8220;][et_pb_text _builder_version=&#8220;4.27.0&#8243; header_4_font=&#8220;||||||||&#8220; header_4_text_color=&#8220;#0a3087&#8243; custom_padding=&#8220;|||91px||&#8220; global_colors_info=&#8220;{}&#8220;]<\/p>\n<h4 style=\"text-align: center\"><span style=\"color: #ffffff\">Prof. Dr. J\u00fcrgen Oechlser<\/span><\/h4>\n<p>[\/et_pb_text][\/et_pb_column][et_pb_column type=&#8220;1_3&#8243; _builder_version=&#8220;4.16&#8243; global_colors_info=&#8220;{}&#8220;][et_pb_text _builder_version=&#8220;4.27.0&#8243; header_4_font=&#8220;||||||||&#8220; header_4_text_color=&#8220;#0a3087&#8243; width=&#8220;88.8%&#8220; custom_margin=&#8220;|||40px||&#8220; custom_padding=&#8220;|0px||150px||&#8220; global_colors_info=&#8220;{}&#8220;]<\/p>\n<h4 style=\"text-align: center\"><span style=\"color: #ffffff\">Prof. Dr. J\u00f6rg Scheinfeld<\/span><\/h4>\n<p>[\/et_pb_text][\/et_pb_column][\/et_pb_row][\/et_pb_section]<\/p>\n","protected":false},"excerpt":{"rendered":"<p>Werden sie Partner Der F\u00f6rderkreis Die T\u00e4tigkeit des Vollzeit arbeitenden Bundesvorstandes von ELSA-Deutschland e.V. und das Engagement der 43 Lokalgruppen werden unterst\u00fctzt durch unseren F\u00f6rderkreis. Unsere F\u00f6rderkreispartner setzen sich zusammen [&hellip;]<\/p>\n","protected":false},"author":1,"featured_media":0,"parent":0,"menu_order":0,"comment_status":"closed","ping_status":"closed","template":"","meta":{"_et_pb_use_builder":"on","_et_pb_old_content":"","_et_gb_content_width":"","footnotes":""},"class_list":["post-672","page","type-page","status-publish","hentry"],"_links":{"self":[{"href":"https:\/\/elsa-mainz.de\/index.php?rest_route=\/wp\/v2\/pages\/672","targetHints":{"allow":["GET"]}}],"collection":[{"href":"https:\/\/elsa-mainz.de\/index.php?rest_route=\/wp\/v2\/pages"}],"about":[{"href":"https:\/\/elsa-mainz.de\/index.php?rest_route=\/wp\/v2\/types\/page"}],"author":[{"embeddable":true,"href":"https:\/\/elsa-mainz.de\/index.php?rest_route=\/wp\/v2\/users\/1"}],"replies":[{"embeddable":true,"href":"https:\/\/elsa-mainz.de\/index.php?rest_route=%2Fwp%2Fv2%2Fcomments&post=672"}],"version-history":[{"count":40,"href":"https:\/\/elsa-mainz.de\/index.php?rest_route=\/wp\/v2\/pages\/672\/revisions"}],"predecessor-version":[{"id":2551,"href":"https:\/\/elsa-mainz.de\/index.php?rest_route=\/wp\/v2\/pages\/672\/revisions\/2551"}],"wp:attachment":[{"href":"https:\/\/elsa-mainz.de\/index.php?rest_route=%2Fwp%2Fv2%2Fmedia&parent=672"}],"curies":[{"name":"wp","href":"https:\/\/api.w.org\/{rel}","templated":true}]}}